{"id":118,"date":"2022-01-17T10:23:23","date_gmt":"2022-01-17T08:23:23","guid":{"rendered":"https:\/\/www.kalajoenvapaaseurakunta.fi\/?page_id=118"},"modified":"2026-02-07T13:45:07","modified_gmt":"2026-02-07T11:45:07","slug":"nimikko-lahettimme","status":"publish","type":"page","link":"https:\/\/www.kalajoenvapaaseurakunta.fi\/index.php\/nimikko-lahettimme\/","title":{"rendered":"Nimikkol\u00e4hettimme"},"content":{"rendered":"\n<p><\/p>\n\n\n\n<figure class=\"wp-block-image size-large is-resized is-style-default\"><img loading=\"lazy\" decoding=\"async\" width=\"1024\" height=\"726\" src=\"https:\/\/www.kalajoenvapaaseurakunta.fi\/wp-content\/uploads\/2026\/02\/1000054751-1024x726.jpg\" alt=\"\" class=\"wp-image-1688\" style=\"aspect-ratio:1.4105053261268825;width:412px;height:auto\" srcset=\"https:\/\/www.kalajoenvapaaseurakunta.fi\/wp-content\/uploads\/2026\/02\/1000054751-1024x726.jpg 1024w, https:\/\/www.kalajoenvapaaseurakunta.fi\/wp-content\/uploads\/2026\/02\/1000054751-300x213.jpg 300w, https:\/\/www.kalajoenvapaaseurakunta.fi\/wp-content\/uploads\/2026\/02\/1000054751-768x545.jpg 768w, https:\/\/www.kalajoenvapaaseurakunta.fi\/wp-content\/uploads\/2026\/02\/1000054751-1536x1089.jpg 1536w, https:\/\/www.kalajoenvapaaseurakunta.fi\/wp-content\/uploads\/2026\/02\/1000054751.jpg 2048w\" sizes=\"auto, (max-width: 1024px) 100vw, 1024px\" \/><\/figure>\n\n\n\n<p><br>Hei!<\/p>\n\n\n\n<p class=\"has-text-align-left\">Olemme Pauli ja Linnea Lindel\u00f6f, nelikymppinen aviopari Etel\u00e4-Suomesta. Yhteist\u00e4 taivalta meill\u00e4 on takana jo yli 18 vuotta.<\/p>\n\n\n\n<p>Saavuimme Thaimaahan ensimm\u00e4isen kerran alkuvuodesta 2016, silloin Pohjois-Thaimaahan. Kielenopiskeluvaiheen j\u00e4lkeen ty\u00f6skentelimme pieness\u00e4 maalaisseurakunnassa, kunnes se ty\u00f6kautemme lopussa sai palkattua itselleen thaimaalaisen pastorin. Toisella ty\u00f6kaudella ty\u00f6skentelimme seurakunnan istutusty\u00f6ss\u00e4 Suur-Bangkokin alueella.<\/p>\n\n\n\n<p>T\u00e4ll\u00e4 hetkell\u00e4 olemme kotimaan ty\u00f6jaksolla Suomessa ja palaamme Thaimaahan kolmannelle ty\u00f6kaudelle loppuvuodesta 2026. Silloin siirrymme aloittamaan uutta seurakunnanistutusprojektia pieneen yliopistokaupunkiin Bangkokin naapurimaakunnassa.<\/p>\n\n\n\n<p>Toimimme Suomen Vapaakirkon l\u00e4hetysty\u00f6ntekij\u00f6in\u00e4 Fidan ty\u00f6yhteydess\u00e4 ja ty\u00f6skentelemme paikallisen Full Gospel -nimisen kirkkokunnan kanssa. Tavoitteenamme on olla mukana luomassa aidosti thaimaalaisen n\u00e4k\u00f6ist\u00e4 seurakuntaa, joka kykenee tavoittamaan alueensa ihmisi\u00e4 ja kasvattamaan opetuslapsia Jeesukselle. Ty\u00f6ss\u00e4mme nautimme eniten toisaalta Raamatun opettamisesta, toisaalta ihmisten kohtaamisesta ja uusien tuttavuuksien luomisesta.<\/p>\n\n\n\n<p>Jos haluat kuulla lis\u00e4\u00e4 meist\u00e4, voit tilata kerran kuukaudessa ilmestyv\u00e4n uutiskirjeemme alla olevan linkin kautta. <br><a href=\"https:\/\/pllindelof.blogspot.com\/p\/ota-yhteytta_22.html\">Tilaa uutiskirjeemme<\/a><\/p>\n","protected":false},"excerpt":{"rendered":"<p>Hei! Olemme Pauli ja Linnea Lindel\u00f6f, nelikymppinen aviopari Etel\u00e4-Suomesta. Yhteist\u00e4 taivalta meill\u00e4 on takana jo yli 18 vuotta. Saavuimme Thaimaahan ensimm\u00e4isen kerran alkuvuodesta 2016, silloin Pohjois-Thaimaahan. Kielenopiskeluvaiheen j\u00e4lkeen ty\u00f6skentelimme pieness\u00e4 &#8230; <span class=\"more\"><a class=\"more-link\" href=\"https:\/\/www.kalajoenvapaaseurakunta.fi\/index.php\/nimikko-lahettimme\/\">[Read more&#8230;]<\/a><\/span><\/p>\n","protected":false},"author":1,"featured_media":0,"parent":0,"menu_order":0,"comment_status":"closed","ping_status":"closed","template":"","meta":{"footnotes":""},"class_list":["entry","page","publish","author-admin","post-118"],"_links":{"self":[{"href":"https:\/\/www.kalajoenvapaaseurakunta.fi\/index.php\/wp-json\/wp\/v2\/pages\/118","targetHints":{"allow":["GET"]}}],"collection":[{"href":"https:\/\/www.kalajoenvapaaseurakunta.fi\/index.php\/wp-json\/wp\/v2\/pages"}],"about":[{"href":"https:\/\/www.kalajoenvapaaseurakunta.fi\/index.php\/wp-json\/wp\/v2\/types\/page"}],"author":[{"embeddable":true,"href":"https:\/\/www.kalajoenvapaaseurakunta.fi\/index.php\/wp-json\/wp\/v2\/users\/1"}],"replies":[{"embeddable":true,"href":"https:\/\/www.kalajoenvapaaseurakunta.fi\/index.php\/wp-json\/wp\/v2\/comments?post=118"}],"version-history":[{"count":8,"href":"https:\/\/www.kalajoenvapaaseurakunta.fi\/index.php\/wp-json\/wp\/v2\/pages\/118\/revisions"}],"predecessor-version":[{"id":1692,"href":"https:\/\/www.kalajoenvapaaseurakunta.fi\/index.php\/wp-json\/wp\/v2\/pages\/118\/revisions\/1692"}],"wp:attachment":[{"href":"https:\/\/www.kalajoenvapaaseurakunta.fi\/index.php\/wp-json\/wp\/v2\/media?parent=118"}],"curies":[{"name":"wp","href":"https:\/\/api.w.org\/{rel}","templated":true}]}}